n divisor of w and 80.
20
Suppose 0 = 5*i - i + 4*f - 6384, 0 = 4*i + 3*f - 6380. Calculate the greatest common factor of i and 64.
8
Suppose -8*i + 162 = 2*b - 6*i, -5 = -5*i. Let p be 3/(0*1/(-4) + 1). Suppose 5*a - 64 = -p*a. What is the greatest common factor of a and b?
8
Let i(d) = 3 - 7*d + 7*d + d**2 + d**2 + 4*d. Let s be i(-4). What is the greatest common factor of 133 and s?
19
Suppose 3*p - 2352 = 9*p. Let s = -364 - p. Calculate the highest common factor of s and 8.
4
Suppose -7*m - 7*m = -11*m - 21. What is the greatest common divisor of m and 1351?
7
Suppose 138 = -118*t + 122*t + 3*v, t + v = 33. Calculate the highest common divisor of t and 871.
13
Suppose -127*x = -68*x - 37642. What is the greatest common factor of x and 22?
22
Let n be ((-6)/(-10) - (-27)/5) + 8. Calculate the highest common factor of n and 1414.
14
Suppose 145*c = -76*c + 10608. Calculate the highest common divisor of 5136 and c.
48
Suppose 13*b = -4*k + 12*b, -13 = -3*k - 4*b. Let t be ((-1980)/264)/((-34)/28 - k). What is the greatest common divisor of 7 and t?
7
Suppose -2415*z - 5550 = -2425*z. Calculate the greatest common factor of z and 30.
15
Let k(o) = -o**3 + 24*o**2 + 29*o + 14. Let j be k(25). Let b be 64/(582/j - 5). What is the highest common factor of 19 and b?
19
Suppose -170 - 88 = -3*f. Let b = f + -62. Let s be b*(-4 + 170/15). Calculate the greatest common divisor of 16 and s.
16
Suppose 2 = 9*l - 8*l. Let p be 23*l*((-21)/6)/(-7). Suppose p = 4*o + o + 4*v, 5*o - 11 = 2*v. Calculate the highest common factor of 3 and o.
3
Let r(a) = -a**2 + 7*a - 6. Let v be r(2). Suppose -n - 3*n + i - 149 = 0, -v*i = -20. Let t = n - -58. Calculate the greatest common factor of 44 and t.
22
Let o(f) = 4442*f - 1012. Let s be o(4). Calculate the highest common divisor of s and 59.
59
Let t(r) = 4*r**2 + 2*r + 1. Suppose 0 = -5*w + s + 25, -2*w + 10 = -2*s + 6*s. Let v be t(w). Let g = 159 - v. What is the greatest common factor of g and 120?
24
Suppose 3*c + 6*u = 7*u + 2512, 4*u = 5*c - 4196. Calculate the highest common factor of c and 704.
44
Let q be 4003/5 + -12*(-18)/(-360). What is the highest common factor of q and 350?
50
Suppose -10*d - 3*q = -5874, 0 = -3*d + 6*q - 2*q + 1772. What is the greatest common divisor of d and 210?
42
Let j be (0 + (-4)/(-3))/(8/12). Suppose j*g = -3 + 1. Let q be -5 - 56*g/1. Calculate the greatest common divisor of 68 and q.
17
Let i be (((-12)/10)/(-3))/((-21)/(-105)). Suppose o - 7 = -z + 144, -2*o - 298 = -i*z. What is the highest common divisor of 30 and z?
30
Let d(z) = -z**2 + 1877*z - 9350. Let x be d(5). Let r be (-20 - 2)/((-4)/14). Let q = r - -3. What is the greatest common factor of q and x?
10
Suppose 0 = -2*h - 4*f + 21960, 7*f - 5*f = 4*h - 43900. What is the greatest common divisor of 4 and h?
4
Let m be 17 - 6*(-2 + (-20)/(-12)). Let i(z) = 4*z**2 + m*z - 15*z - z**3 + 3*z**2. Let u be i(4). What is the greatest common divisor of 16 and u?
16
Suppose 1506 - 2304 = -21*h. What is the highest common factor of h and 950?
38
Suppose -5*n - k = -163, -5*n = -k - 13 - 154. Let p = 81 - 26. Calculate the highest common factor of n and p.
11
Let v be (5/2)/(16/96). Let k = 51 - v. Let p(h) = h**3 + 30*h**2 + 28*h + 25. Let j be p(-29). What is the greatest common divisor of k and j?
18
Suppose 102 = q + 30. Let l(k) = -k**3 + 16*k**2 + 4*k + 26. Let t be l(16). Let z = t - q. Calculate the greatest common divisor of z and 9.
9
Let w(l) = -l**2 + 3*l - 28. Let x be w(17). Let t = x + 334. What is the highest common divisor of t and 748?
68
Let u = 1479 + -1410. What is the highest common factor of u and 48?
3
Suppose 3*j = 4*a + 7*j - 72, -2*a = j - 40. Suppose -7776 = 6*b - a*b. What is the greatest common divisor of 18 and b?
18
Let r(z) = 7*z + 80. Let s be r(-11). Let k be 35/s*(-97 - -100). Let i = 0 + 5. Calculate the greatest common factor of i and k.
5
Let m be (19950/378 - (-2)/9) + (-6)/(-2). Calculate the highest common factor of 1064 and m.
56
Suppose -14072 = -60*p + 15928. What is the highest common factor of 60 and p?
20
Suppose 5*g + 340 = 5*o, -2079*o + 2082*o + 2*g - 209 = 0. Calculate the highest common factor of o and 161.
23
Let n = 3494 - 2740. Calculate the greatest common divisor of n and 208.
26
Let d be 7*-1 - (-5 + -5 + 7). Let s be d/(-24) + 239/6. What is the greatest common factor of s and 24?
8
Let y = -13 + 344. Let r = y + -261. What is the highest common divisor of 120 and r?
10
Let a(v) be the third derivative of 7*v**4/12 - 7*v**3/3 + 54*v**2. Let p be a(12). What is the highest common divisor of p and 42?
14
Let k be (8/6)/(2/6). Let x(p) be the first derivative of p**3/3 - 15*p**2 + 169*p + 78. Let y be x(23). What is the greatest common divisor of k and y?
4
Suppose 34*j - 1180 = -7912. Let i = j - -396. Suppose -p + 6*p = 110. What is the greatest common divisor of i and p?
22
Let g be (-76)/(-16) - 2/(-8). Suppose -9*p + g*p = 3*k - 489, 225 = 2*p - 5*k. Let c be (-2)/15 - (-2776)/p. Calculate the highest common divisor of 46 and c.
23
Suppose -43*v + 40*v = -474. Let j = v + -130. What is the highest common factor of j and 20?
4
Suppose -s + 2*v = -31, -4*s + s + 102 = 3*v. Suppose -35*b + s*b = -50. Let o(d) = 3*d**2 - 2. Let i be o(3). What is the highest common factor of i and b?
25
Let m = 32 - 10. Suppose -3*z + 729 = 5*p, -4*p + z + z + 570 = 0. Suppose 0 = -5*v + p - 34. Calculate the greatest common divisor of m and v.
22
Let p(d) be the first derivative of d**3/3 - 3*d**2/2 - 11*d - 25. Let x be p(7). Calculate the greatest common factor of x and 119.
17
Suppose -165*x + 17572 = 111*x - 85*x. Calculate the highest common factor of x and 3197.
23
Suppose -254776 - 506942 = -274*w - 198100. What is the greatest common factor of 3553 and w?
187
Let g be (2 + -3)*(4 + 17). Let o be 156/7*g/(-6). Suppose -46 = -4*y + 3*b, 2*y - 3*b - b - 18 = 0. Calculate the greatest common factor of o and y.
13
Let z be (38 + -26)*1384/12. What is the greatest common divisor of z and 5882?
346
Suppose 996 = -2*o + 5*o + 3*u, 0 = -o + 5*u + 308. Let h = -168 + o. Let b be (36/288)/((-6)/24)*(-2 - 62). What is the highest common divisor of h and b?
32
Suppose 3*t - 708 = 3*i, 4*t - i - 944 = -6*i. Calculate the highest common divisor of 4 and t.
4
Suppose -3*y + 8*t - 849 = -6*y, -610 = -2*y + 2*t. Calculate the highest common factor of 403 and y.
13
Let o = 12361 + -12123. What is the greatest common factor of o and 21?
7
Let d be -3 + 8*1/2*1. Suppose -4*h + 71 = -d. Let q be 294/(-28)*(-12)/7. Calculate the greatest common divisor of q and h.
18
Suppose -h + 7*h = 84. Let j(i) be the first derivative of -181*i**4/4 + i**3/3 + 3. Let r be j(-1). What is the greatest common divisor of r and h?
14
Let v(b) = 3*b**3 - 5*b**2 + 4*b. Let g be v(3). Let s be (62/(-4))/(1350/(-900)) - (-10)/6. What is the greatest common divisor of g and s?
12
Let j = 813 + -796. Calculate the greatest common factor of 9724 and j.
17
Let i(b) = 6*b + 198. Let u be i(-28). Calculate the highest common factor of 29940 and u.
30
Suppose 2*t - 20*a - 200 = -22*a, 4*t = -a + 397. Suppose -4*l = 24 - 156. Calculate the greatest common factor of l and t.
33
Let z = 234 + -166. What is the highest common factor of 140 and z?
4
Let v be 1 + -4 + (278 - 7) + -1 + -7. Let z = -368 - -186. Let o = z + v. What is the greatest common factor of o and 6?
6
Suppose -5*z + 2*z + v = -46, -3*v + 57 = 4*z. Suppose 432 = -3*j + z*j. What is the highest common divisor of 372 and j?
12
Let d be 2*2 + 32 + -34. Let i be ((-368)/(-20))/(d/30). Calculate the greatest common divisor of 23 and i.
23
Let p be (20376/68)/3 + 22/187. What is the greatest common factor of 1340 and p?
20
Suppose 4000 = 3*a + 2*j, -206*j + 210*j - 2648 = -2*a. What is the highest common factor of a and 12?
6
Suppose 20*a - 387 = 453. Suppose a*s = 36*s + 12. Calculate the greatest common factor of 10 and s.
2
Suppose 2*x = -9*b + 4*b - 5008, x - 996 = b. Let i = -971 - b. What is the greatest common factor of i and 1?
1
Suppose -108*u = 525 - 4413. Suppose 12*a + 4 = 11*a. Let w be (9/4)/((-1)/a). What is the highest common divisor of u and w?
9
Let r(s) = -s**2 - 43*s - 90. Let q be r(-33). Let d = q + -200. What is the highest common facto